Is 780 a multiple of 13?
True
Is 5 a factor of 195?
True
Is 5 a factor of 467?
False
Does 12 divide 1020?
True
Is 48 a factor of 7448?
False
Is 17817 a multiple of 17?
False
Does 13 divide 513?
False
Does 19 divide 9652?
True
Does 33 divide 17985?
True
Is 13332 a multiple of 22?
True
Is 6 a factor of 1930?
False
Is 224 a multiple of 56?
True
Is 12 a factor of 659?
False
Does 93 divide 21907?
False
Is 9 a factor of 1425?
False
Does 12 divide 835?
False
Is 932 a multiple of 5?
False
Is 103 a factor of 23474?
False
Is 11 a factor of 110?
True
Is 11 a factor of 88?
True
Is 451 a multiple of 60?
False
Is 53274 a multiple of 39?
True
Is 3906 a multiple of 31?
True
Is 2858 a multiple of 20?
False
Is 9 a factor of 11628?
True
Is 2 a factor of 4596?
True
Is 1508 a multiple of 22?
False
Is 385 a multiple of 12?
False
Is 3856 a multiple of 47?
False
Is 42 a factor of 1218?
True
Does 17 divide 442?
True
Does 9 divide 997?
False
Is 600 a multiple of 8?
True
Does 24 divide 796?
False
Is 134 a multiple of 3?
False
Is 1040 a multiple of 20?
True
Does 56 divide 840?
True
Is 19 a factor of 80085?
True
Is 24752 a multiple of 52?
True
Is 10 a factor of 500?
True
Is 24230 a multiple of 32?
False
Does 40 divide 77591?
False
Is 162 a multiple of 9?
True
Does 63 divide 1638?
True
Does 8 divide 45532?
False
Does 13 divide 30660?
False
Is 4186 a multiple of 23?
True
Is 32 a factor of 288?
True
Is 729 a multiple of 9?
True
Is 23 a factor of 3374?
False
Is 24000 a multiple of 133?
False
Is 97 a factor of 45784?
True
Is 34 a factor of 482?
False
Is 12321 a multiple of 111?
True
Is 94 a factor of 42582?
True
Is 128 a multiple of 8?
True
Is 690 a multiple of 69?
True
Is 6 a factor of 402?
True
Is 20979 a multiple of 189?
True
Is 93 a factor of 186?
True
Does 86 divide 14818?
False
Is 5067 even?
False
Is 11 a factor of 462?
True
Does 84 divide 2856?
True
Does 13 divide 1049?
False
Does 12 divide 144?
True
Does 70 divide 3500?
True
Is 14 a factor of 2464?
True
Is 31393 a multiple of 19?
False
Is 22 a multiple of 9?
False
Is 4247 a multiple of 31?
True
Is 17 a factor of 4720?
False
Is 8 a factor of 1826?
False
Does 8 divide 635?
False
Does 10 divide 36034?
False
Is 63 a factor of 85123?
False
Is 22 a factor of 49206?
False
Is 46 a factor of 1693?
False
Does 8 divide 5056?
True
Does 54 divide 2095?
False
Is 8 a factor of 696?
True
Does 33 divide 3960?
True
Is 70104 a multiple of 61?
False
Is 9 a factor of 1154?
False
Is 248 a multiple of 62?
True
Is 82 a factor of 8611?
False
Is 1434 a multiple of 72?
False
Is 2237 a multiple of 63?
False
Is 31 a factor of 465?
True
Is 18 a factor of 3701?
False
Is 891 a multiple of 21?
False
Is 14064 a multiple of 8?
True
Is 13 a factor of 1265?
False
Does 27 divide 5755?
False
Does 14 divide 20062?
True
Is 462 a multiple of 7?
True
Does 38 divide 3552?
False
Is 43 a factor of 1419?
True
Is 9 a factor of 699?
False
Is 1376 a multiple of 32?
True
Does 13 divide 14358?
False
Is 4 a factor of 344?
True
Is 55 a factor of 8855?
True
Is 2104 a multiple of 86?
False
Does 72 divide 57448?
False
Is 2 a factor of 18?
True
Does 13 divide 1827?
False
Is 12 a factor of 197?
False
Is 1204 a multiple of 7?
True
Is 19 a factor of 1613?
False
Is 46311 a multiple of 122?
False
Is 141 a factor of 7896?
True
Is 5 a factor of 11098?
False
Is 80 a factor of 1760?
True
Does 21 divide 84032?
False
Is 176 a multiple of 24?
False
Is 7 a factor of 238?
True
Is 32 a factor of 5426?
False
Is 111 a factor of 44511?
True
Is 2216 a multiple of 4?
True
Does 5 divide 160?
True
Does 24 divide 3609?
False
Does 40 divide 39480?
True
Is 43266 a multiple of 43?
False
Does 2 divide 736?
True
Is 65 a factor of 26971?
False
Is 32 a factor of 1120?
True
Does 4 divide 3015?
False
Is 14 a factor of 351?
False
Is 2256 a multiple of 16?
True
Is 27455 a multiple of 95?
True
Is 5040 a multiple of 112?
True
Does 13 divide 4369?
False
Is 17 a factor of 3213?
True
Is 12276 a multiple of 31?
True
Is 39 a factor of 3939?
True
Is 8 a factor of 8400?
True
Does 16 divide 8016?
True
Is 18 a factor of 47?
False
Is 13720 a multiple of 14?
True
Is 725 a multiple of 10?
False
Does 169 divide 72501?
True
Does 46 divide 2944?
True
Is 1285 a multiple of 12?
False
Does 15 divide 57651?
False
Is 80 a factor of 486?
False
Is 38 a multiple of 19?
True
Does 19 divide 22532?
False
Is 13 a factor of 39208?
True
Does 28 divide 46271?
False
Is 76 a factor of 28031?
False
Does 77 divide 693?
True
Is 268 a factor of 119735?
False
Is 11520 a multiple of 51?
False
Is 8781 a multiple of 61?
False
Is 1795 a multiple of 5?
True
Is 19 a factor of 41997?
False
Is 792 a multiple of 36?
True
Is 1308 a multiple of 12?
True
Is 3564 a multiple of 99?
True
Is 4 a factor of 4480?
True
Does 60 divide 5828?
False
Is 5700 a multiple of 9?
False
Does 61 divide 5184?
False
Is 14252 a multiple of 7?
True
Is 73 a factor of 8861?
False
Is 43 a factor of 28509?
True
Does 13 divide 3471?
True
Is 12 a factor of 6966?
False
Is 15 a factor of 97335?
True
Is 95 a multiple of 31?
False
Does 35 divide 35668?
False
Is 1386 a multiple of 33?
True
Is 166 a factor of 42133?
False
Is 5 a factor of 7035?
True
Does 21 divide 147?
True
Is 122 a factor of 31194?
False
Is 91509 a multiple of 21?
False
Is 15 a factor of 4688?
False
Is 704 a multiple of 11?
True
Is 10 a factor of 557?
False
Is 1025 a multiple of 21?
False
Does 16 divide 4084?
False
Is 445 a multiple of 37?
False
Is 2189 even?
False
Is 2784 a multiple of 87?
True
Is 31 a factor of 7688?
True
Does 2 divide 321?
False
Is 1518 a multiple of 22?
True
Is 10 a factor of 9134?
False
Is 7089 a multiple of 11?
False
Is 65 a factor of 9750?
True
Is 9 a factor of 2667?
False
Is 20 a factor of 1600?
True
Is 30 a factor of 6353?
False
Does 11 divide 2549?
False
Is 2986 a multiple of 3?
False
Is 3 a factor of 216?
True
Is 138 a factor of 10749?
False
Is 15 a factor of 435?
True
Is 4 a factor of 5314?
False
Is 22 a factor of 28856?
False
Is 18 a factor of 334?
False
Is 13 a factor of 127568?
False
Is 6 a factor of 302?
False
Does 27 divide 751?
False
Is 2003 a multiple of 11?
False
Is 46 even?
True
Is 5 a factor of 245?
True
Does 6 divide 10848?
True
Is 40 a factor of 1560?
True
Does 39 divide 13597?
False
Does 5 divide 6788?
False
Does 128 divide 1664?
True
Does 5 divide 9269?
False
Is 33021 a multiple of 27?
True
Is 1692 a multiple of 6?
True
Is 15 a factor of 18555?
True
Is 1520 a multiple of 74?
False
Does 36 divide 13483?
False
Is 32 a factor of 17351?
False
Is 6695 a multiple of 65?
True
Does 8 divide 4478?
False
Is 162 a factor of 7034?
False
Is 69 a factor of 12903?
True
Is 17 a factor of 7211?
False
Is 12 a factor of 311?
False
Is 12539 a multiple of 40?
False
Is 9 a factor of 9677?
False
Is 48 a factor of 1096?
False
Is 3 a factor of 549?
True
Is 6 a factor of 3930?
True
Does 19 divide 513?
True
Is 2881 a multiple of 43?
True
Is 10 a factor of 868?
False
Does 37 divide 397?
False
Does 330 divide 18480?
True
Is 47520 a multiple of 11?
True
Does 16 divide 2416?
True
Is 15 a factor of 585?
True
Is 66 a factor of 28233?
False
Is 32305 a multiple of 65?
True
Does 2 divide 11?
False
Is 165 a multiple of 2?
False
Does 98 divide 784?
True
Is 72 a factor of 6340?
False
Is 466 a multiple of 18?
False
Is 7 a factor of 357?
True
Is 2428 a multiple of 4?
True
Does 4 divide 965?
False
Is 896 a multiple of 16?
True
Is 4 a factor of 240?
True
Is 2168 a multiple of 17?
False
Is 2806 a multiple of 46?
True
Does 12 divide 444?
True
Is 3 a factor of 9581?
False
Does 11 divide 4147?
True
Is 39 a factor of 3464?
False
Is 16 a factor of 4320?
True
Is 17 a factor of 1095?
False
Is 22 a factor of 10208?
True
Is 154 a factor of 92246?
True
Is 25 a factor of 337?
False
Does 4 divide 1853?
False
Is 15 a factor of 85920?
True
Is 481 a multiple of 13?
True
Is 9 a factor of 3159?
True
Is 29628 a multiple of 18?
True
Is 2838 a multiple of 33?
True
Is 112995 a multiple of 93?
True
Does 33 divide 2772?
True
Is 3 a factor of 330?
True
Does 27 divide 2187?
True
Is 132 a multiple of 6?
True
Does 107 divide 1926?
True
Does 114 divide 7830?
False
Does 11 divide 583?
True
Does 226 divide 52658?
True
Is 26 a factor of 364?
True
Is 71 a factor of 1136?
True
Is 741 a multiple of 9?
False
Is 982 a multiple of 26?
False
Does 7 divide 231